
-37
Let v(w) = 49753*w + 2089713. Give v(-42).
87
Let k(x) = -x**2 + 974*x - 9707. What is k(10)?
-67
Let p(a) = -32126*a - 3630246. Give p(-113).
-8
Let g(o) = -7*o**3 - 101*o**2 - 32*o + 157. Give g(-14).
17
Let t(z) = 906*z - 229095. Calculate t(252).
-783
Let u(x) = -6*x**3 - 37*x**2 + 1513*x + 9106. Calculate u(-6).
-8
Let x(v) = v**2 + 37724*v - 301879. Determine x(8).
-23
Let v(r) = 2*r**3 + 169*r**2 + 114*r + 1658. Calculate v(-84).
-862
Let z(p) = p**2 - 10584*p - 31770. Calculate z(-3).
-9
Let l(b) = -11483*b - 80378. What is l(-7)?
3
Let c(w) = 1391*w + 17538. Give c(-12).
846
Let b(k) = 17620*k + 3259703. Calculate b(-185).
3
Let w(l) = -314*l - 54702. Give w(-177).
876
Let m(v) = -5*v**3 - v**2 - 34*v + 157. Give m(6).
-1163
Let r(p) = -3*p**3 - 24*p**2 + 29*p + 127. Calculate r(-9).
109
Let q(b) = -6*b**3 - 791*b**2 + 143*b - 241. Calculate q(-132).
-1693
Let b(i) = 49*i**2 + 337*i + 241. Determine b(-6).
-17
Let w(p) = -p**3 - p**2 + 1919*p + 5729. What is w(-3)?
-10
Let j(b) = -b**2 - 28*b + 543. Determine j(19).
-350
Let l(y) = -2*y**2 + 11450*y - 34379. Calculate l(3).
-47
Let r(a) = -9*a**2 - 13*a + 357. Calculate r(11).
-875
Let r(z) = 5*z**2 + 842*z - 726. Determine r(-169).
-219
Let g(n) = 47*n**2 + 3987*n - 44569. What is g(10)?
1
Let n(u) = 1122*u - 39707. Determine n(36).
685
Let k(a) = -6*a**3 - 45*a**2 - 97*a - 62. What is k(-4)?
-10
Let p(z) = 35*z**3 - 18338*z**2 - 1045*z - 1552. Give p(524).
20
Let p(a) = 76*a - 2770. Calculate p(41).
346
Let z(b) = -b**2 + 944*b - 14882. What is z(16)?
-34
Let g(r) = 1378*r - 88241. Calculate g(64).
-49
Let x(k) = 5361*k - 418134. Determine x(78).
24
Let a(r) = -r**3 + 45*r**2 - 459*r + 164. Determine a(30).
-106
Let j(l) = -l**3 - 96*l**2 - 469*l - 458. What is j(-91)?
816
Let w(l) = 552*l**2 - 28155*l + 189. Determine w(51).
36
Let g(n) = 30*n**3 + 66*n**2 + 246*n + 471. Calculate g(-2).
3
Let t(v) = -4*v**3 + v**2 + 59*v + 266. Give t(-5).
496
Let o(c) = c**3 - 422*c**2 + 241*c - 461741. What is o(424)?
-5
Let h(p) = -125833*p + 4026672. Give h(32).
16
Let t(b) = b**2 + 15866*b - 238205. What is t(15)?
10
Let o(a) = 24111*a + 626871. Give o(-26).
-15
Let r(c) = c**2 + 81*c - 3795. What is r(33)?
-33
Let q(c) = c**3 + 4*c**2 - 3*c - 67. Give q(7).
451
Let n(g) = 3*g**3 + 734*g**2 + 489*g - 110. Give n(-244).
-354
Let x(s) = -s**3 - 17*s**2 - 295*s - 9965. Give x(-23).
-6
Let l(y) = -2*y**3 - 27*y**2 + 205*y - 315. Give l(3).
3
Let x(d) = 26*d**3 - 391*d**2 + 82. Determine x(15).
-143
Let t(d) = d**2 - 726*d + 131717. Calculate t(370).
-3
Let q(n) = -2882*n - 14735. What is q(-5)?
-325
Let i(m) = m**2 - 1368*m + 38930. Give i(29).
99
Let f(s) = -9678*s + 4355111. Determine f(450).
11
Let o(j) = j**2 - 122*j + 466. Determine o(119).
109
Let a(p) = 21*p**3 - 126*p**2 - 1492*p + 81. Determine a(-6).
-39
Let x(h) = -20*h**3 + 23660*h**2 - 13*h + 15394. Calculate x(1183).
15
Let g(n) = -2*n**3 - 173*n**2 + 444*n + 57. Determine g(-89).
146
Let y(x) = 100*x**2 + 640*x - 410. Give y(-7).
10
Let b(j) = 7982*j - 143833. Give b(18).
-157
Let v(w) = 4229*w + 249753. Give v(-59).
242
Let s(g) = -473*g**2 + g. Calculate s(1).
-472
Let q(x) = -3020*x - 1301642. Determine q(-431).
-22
Let o(q) = -67214*q + 604926. Give o(9).
0
Let n(u) = -34*u**2 + 2*u + 1123. Calculate n(0).
1123
Let r(q) = -1302*q - 36675. What is r(-28)?
-219
Let s(w) = -19*w**2 + 3264*w + 10842. Give s(175).
167
Let x(d) = 3327*d + 272935. What is x(-82)?
121
Let u(y) = -y**3 + 33*y**2 - 114*y - 419. Give u(29).
-361
Let d(q) = 2*q**3 - 75*q**2 + 265*q - 237. Calculate d(2).
9
Let r(d) = d**3 - 491*d**2 + 10722*d + 19542. Determine r(468).
-114
Let h(z) = -571*z - 20597. Determine h(-36).
-41
Let g(c) = 648*c - 5339. Determine g(9).
493
Let g(q) = -q**2 - 3167*q + 18975. What is g(6)?
-63
Let s(i) = 2*i**3 + 140*i**2 + 70*i + 4932. Calculate s(-70).
32
Let y(h) = 35*h**2 - 449*h - 1115. Determine y(15).
25
Let s(a) = -8*a**2 + 5991*a + 24865. Give s(753).
16
Let i(q) = 2*q**2 + 18008*q - 4550981. Give i(246).
19
Let g(a) = -4*a**2 + 935*a + 254796. Determine g(395).
21
Let p(a) = -70*a + 26534. Determine p(379).
4
Let v(u) = -2*u**3 - 13*u**2 + 555*u + 1768. Determine v(-3).
40
Let m(i) = 416*i**2 - 48662*i - 1248. What is m(117)?
-78
Let j(v) = 988634*v**2 + 2965903*v + 9. What is j(-3)?
6
Let y(t) = 1711*t + 8413. Give y(-5).
-142
Let a(o) = 3*o**3 - 19*o**2 + 20452*o - 122680. What is a(6)?
-4
Let q(c) = 228350*c - 684672. What is q(3)?
378
Let n(v) = 4366*v + 87646. Calculate n(-20).
326
Let b(g) = -g**3 + 12*g**2 + 411*g - 5687. What is b(15)?
-197
Let z(h) = 3*h**3 + 958*h**2 + 322*h + 1021. Give z(-319).
64
Let d(m) = -7*m**2 - 12635*m + 88757. Determine d(7).
-31
Let p(x) = 2*x**2 - 4169*x + 1466312. Give p(448).
8
Let a(w) = -178569*w + 2857093. What is a(16)?
-11
Let s(l) = -316*l**2 - 1246*l + 66. Give s(-4).
-6
Let i(k) = -7*k**2 + 949*k + 14016. Calculate i(-15).
-1794
Let i(t) = t**2 + 41*t - 1536. What is i(-61)?
-316
Let r(z) = -158*z + 12653. What is r(78)?
329
Let c(p) = 34*p**2 + 4303*p - 2370. Determine c(-127).
-465
Let y(t) = 196*t**2 + 308*t - 2720. Determine y(3).
-32
Let n(q) = 2*q**3 + 858*q**2 - 882*q - 378258. Calculate n(-429).
120
Let d(n) = -10*n**3 + 90*n**2 + 319*n + 4. Calculate d(-4).
808
Let o(n) = 2271*n - 1199101. Give o(528).
-13
Let y(q) = q**2 + 195*q + 9111. Give y(-84).
-213
Let a(h) = 335*h - 76111. What is a(227)?
-66
Let t(n) = 5*n**3 - 67*n**2 - 41*n - 20. What is t(14)?
-6
Let z(c) = -60*c**2 + 287*c - 1156. What is z(7)?
-2087
Let p(l) = -3*l**3 - l**2 - 1129*l + 60. Calculate p(0).
60
Let j(t) = t**2 + 138*t + 4731. Determine j(-65).
-14
Let z(i) = -4*i**2 - 219*i - 1048. Give z(-48).
248
Let k(x) = -453*x - 22150. Determine k(-43).
-2671
Let h(z) = 710*z + 2910. Calculate h(-4).
70
Let v(g) = 7*g**3 - 15307*g**2 - 50372*g + 4382. What is v(2190)?
2
Let g(a) = 9*a**2 - 1178*a + 1016. Calculate g(130).
-24
Let w(m) = m**3 - 256*m**2 + 6964*m + 381. Calculate w(31).
40
Let y(b) = -37853*b + 264984. What is y(7)?
13
Let j(r) = 4*r**2 + 678*r + 8715. Calculate j(-14).
7
Let v(c) = -12*c**2 + 5543*c + 45328. Give v(470).
-262
Let m(i) = -444*i + 11370. Give m(27).
-618
Let o(d) = -d**3 - 19*d**2 + 47*d + 105. Determine o(-21).
0
Let q(g) = -1069*g - 6181. Give q(-5).
-836
Let w(p) = 9558*p - 1529293. Give w(160).
-13
Let c(y) = 2*y**3 + 9*y**2 + 217*y + 2081. Give c(-8).
-103
Let s(n) = 51*n + 2918. Give s(-67).
-499
Let y(u) = 1299*u + 3548. Determine y(-2).
950
Let w(b) = 2*b**3 + 39*b**2 - 55*b - 339. Give w(-20).
361
Let x(m) = -3692*m + 13811. Determine x(4).
-957
Let i(x) = -x**2 - 99*x - 4062. Give i(-85).
-2872
Let n(w) = 18*w**2 - 1246*w + 243. Calculate n(69).
-33
Let v(y) = 10406*y + 113792. What is v(-11)?
-674
Let h(a) = -28*a**2 + 2699*a + 1650. Calculate h(97).
1
Let o(j) = -13*j**2 - 256*j. Give o(-16).
768
Let k(n) = -n**3 + 779*n**2 - 3976*n + 82036. What is k(774)?
-8
Let t(q) = 1597*q**3 + 19*q**2 - 24*q - 43. Calculate t(-1).
-1597
Let k(r) = 2226*r - 109151. Determine k(49).
-77
Let p(y) = 2424*y + 74697. Give p(-31).
-447
Let k(q) = -7*q**2 - 207*q + 42926. What is k(65)?
-104
Let g(w) = 4*w**2 - 150*w - 163. Determine g(7).
-1017
Let k(i) = -16708*i + 150354. What is k(9)?
-18
Let q(h) = -83653*h - 2676914. Calculate q(-32).
-18
Let i(r) = 2176*r - 4629. What is i(2)?
-277
Let m(z) = 29008*z + 1740485. Give m(-60).
5
Let s(b) = -10072*b + 80585. Calculate s(8).
9
Let g(y) = -y**3 + 120*y**2 + 1581*y + 1533. Calculate g(-11).
-7
Let p(i) = 11738*i - 46745. What is p(4)?
207
Let m(r) = -r**2 - 10*r + 2476. What is m(-51)?
385
Let y(j) = j**2 + 12390*j + 3023172. Determine y(-249).
63
Let h(p) = -13*p**2 + 3818*p - 147315. Give h(248).
-3
Let f(s) = 794*s**2 + 7565*s - 3746. Determine f(-10).
4
Let q(a) = 8519*a - 945603. Calculate q(111).
6
Let u(y) = 964*y - 8837. What is u(9)?
-161
Let b(c) = -2*c**2 - 340*c + 13345. What is b(33)?
-53
Let h(i) = 29*i**2 + 3880*i - 760. Determine h(-134).
44
Let s(q) = q**3 + 10*q**2 - 243*q - 3474. Determine s(-14).
-856
Let t(l) = -779*l**2 + 7790*l + 29. Determine t(10).
29
Let k(b) = 11892*b - 12342. Determine k(1).
-450
Let f(s) = 46*s**3 + 233*s**2 + 23*s + 18. Calculate f(-5).
-22
Let x(w) = w**2 + 494*w - 32